factors of k + (-1 - g/(-1)).
3
Suppose 3*u - 5*u = 8. Let s = u + 6. Suppose s*t - 5*t + 84 = 0. What are the prime factors of t?
2, 7
Suppose 5*n - 139 = 2*n - 2*v, -2*n - 2*v = -94. Let x be (-10)/(-3)*n/2. What are the prime factors of x/7 + 4/14?
11
What are the prime factors of (-769)/(-1) + 7 + -1?
5, 31
Let g = -3 + 2. Let i be (-11 + g)/(-4)*-7. Let v = i - -31. What are the prime factors of v?
2, 5
Let y = 41 - 37. Suppose -534 = -y*l - 2*i, 5*i - 399 = -3*l + 2*i. What are the prime factors of l?
2, 67
Suppose 0 = 10*h - 934 - 1976. List the prime factors of h.
3, 97
Suppose 3*p - 6*t + 4*t = 1734, 2890 = 5*p - t. What are the prime factors of p?
2, 17
Suppose -y = y - 2*v - 2772, -y + 3*v = -1382. List the prime factors of y.
2, 347
Let x(v) be the second derivative of -26*v**3/3 - 8*v**2 + 4*v. List the prime factors of x(-3).
2, 5, 7
What are the prime factors of (-4)/(-14) + 1834704/378?
2, 3, 809
Let b(h) = -155*h + 114. What are the prime factors of b(-5)?
7, 127
Let r(y) = 5*y**2 + 7*y - 13. What are the prime factors of r(7)?
281
Suppose -4*r - 1 = 3*g - 16, 3*r = 4*g + 30. Let d be 4 + -6 + r + -1. Suppose -d*w + 4*w - 42 = 0. What are the prime factors of w?
2, 3, 7
Let j = 17 + -34. Let u(x) = -6*x - 20. What are the prime factors of u(j)?
2, 41
Suppose 3541 = 5*m - 4*p, -4*m = -2*m - 4*p - 1414. List the prime factors of m.
709
Let z = 4705 + -2643. What are the prime factors of z?
2, 1031
Suppose 27*o - 6*o = 7455. What are the prime factors of o?
5, 71
Let k(j) = 2*j**3 - 3*j**2 + 2. Suppose 0 = -0*r - 2*r - 12. Let s(n) = -n**2 - 8*n - 9. Let o be s(r). What are the prime factors of k(o)?
29
Let c = 419 - 247. Suppose 0 = 4*x - 8*x + c. List the prime factors of x.
43
Let x = 628 + 1392. What are the prime factors of x?
2, 5, 101
What are the prime factors of (-4604)/(-18) - (-2)/9?
2
Let t(x) = x**2 - x + 1. Let f be t(-8). Suppose 162 + f = 5*n. What are the prime factors of n?
47
Let l = -6 - -8. Suppose 2*f = -l*f + 456. What are the prime factors of f?
2, 3, 19
Let l = 19 - 37. Let s = l + 16. Let k = s - -8. List the prime factors of k.
2, 3
Suppose 4*r + 5*c = 277, 0*r - 3*r + 204 = 3*c. Let p = r - -58. List the prime factors of p.
11
Let b(d) = d. Let c be b(-4). Let v(j) = -7*j**3 - 2*j**2 + 6*j**3 + 0 + 2. List the prime factors of v(c).
2, 17
What are the prime factors of (687/(-4))/((-6)/16)?
2, 229
Let v(s) = 40*s**2 - 6*s + 62. What are the prime factors of v(5)?
2, 3, 43
Let i(j) = -j**3 - 2*j**2 - 4*j. Suppose -4*m - 3*b = 55, 0 = 5*m - 0*b + 5*b + 75. Let p = m + 7. List the prime factors of i(p).
3, 7
Suppose -3*h + 22 = -2*g - 1293, 4*g = 4. What are the prime factors of h?
439
Suppose 39*y - 120792 = 11*y. List the prime factors of y.
2, 3, 719
Let v = 15 - 13. Suppose -352 = -3*q + 2*h, 276 = 3*q + v*h - 56. List the prime factors of q.
2, 3, 19
Suppose -9*m + 3*m + 84 = 0. Suppose m*g = 232 + 426. List the prime factors of g.
47
Let y be ((15/9)/(-5))/(2/(-150)). Let s(t) = -t + 76. What are the prime factors of s(y)?
3, 17
Let n(p) = 71*p**3 + p**2 + 4*p - 5. What are the prime factors of n(2)?
5, 23
Suppose 0 = 2*b - 3 + 9. Let m be b/2*(-16)/(-3). Let l = 33 - m. What are the prime factors of l?
41
Suppose 2*v + 5*a = 1 - 11, 2*v = -2*a + 2. Suppose -3*i + 20 = v*t, -1 = t - 4*i - 5. List the prime factors of t.
2
Suppose 2*t = -6, -t = -3*h - 53 - 43. Let j be 6/h + (-24)/(-11). Let s(m) = 10*m - 3. What are the prime factors of s(j)?
17
Let r be (-8 + 8)/(0 + 3). Suppose r = 2*j - 6*j + 4. Suppose 2*p - 5*s - 35 = -4*s, 0 = s - j. What are the prime factors of p?
2, 3
Suppose 3*f - 217 = 5*l, -3*f + 264 - 63 = 3*l. What are the prime factors of f?
3, 23
Let t(q) = q**2 + 8*q + 34. Let s be t(13). Suppose 4*j - 429 = s. List the prime factors of j.
2, 23
Suppose 4*s - 89 - 251 = 0. Let m = 1 + 3. Suppose -m*q = q - s. What are the prime factors of q?
17
Let a(g) be the second derivative of g**4/4 + g**3/3 - 2*g. Let y = -70 + 66. What are the prime factors of a(y)?
2, 5
Let z be ((-775)/10)/(1/(-2)). Suppose 4*m - 9 = z. List the prime factors of m.
41
Suppose 5*z + 9*o - 4687 = 5*o, 3*o - 1872 = -2*z. What are the prime factors of z?
3, 313
Let n be -1 - (0 - (-392)/(-2)). Suppose 0 = -2*f + 10, 0 = 5*p + 4*f - n. List the prime factors of p.
5, 7
Let n(m) = 2*m. Let d be n(1). Suppose 2*i + 3*x = i + 6, -d*x - 4 = -2*i. Suppose -i*c + 5*c = 24. List the prime factors of c.
2, 3
Let d be (-8 - 3)/((-1)/4). Suppose d = -2*j + 154. List the prime factors of j.
5, 11
Let n(s) = s**3 + 9*s**2 - 34*s + 46. List the prime factors of n(14).
2, 2039
Let y(u) = u + 29. Let k be y(-9). Let g = k + -2. List the prime factors of g.
2, 3
Suppose 0 = 7*h - 5*h - 26. Let j = 14 - h. Let r = 6 - j. List the prime factors of r.
5
Let n = -1 + 0. List the prime factors of 94*(-3 - n)/(-4).
47
Let k = 13 + -10. Suppose 3*d = 18 - k. Suppose -48 = -5*c + 3*t, 10 = d*c + 2*t - 33. What are the prime factors of c?
3
Let g = 348 + -21. What are the prime factors of 1/(-4) - g/(-12)?
3
Let v = -297 + 637. Suppose -v = -5*r + 5*d, -62 = -r - 3*d + 2*d. List the prime factors of r.
5, 13
Suppose 0*b + 4*b + 2*r - 3922 = 0, 3*r + 1973 = 2*b. What are the prime factors of b?
2, 491
Let d(i) be the third derivative of i**5/60 - i**4/24 + 9*i**3/2 + 9*i**2. What are the prime factors of d(9)?
3, 11
Suppose -4*w = -3*z - 9, -3*w + 2 + 7 = 0. List the prime factors of 162/3 - (-4 + z).
3, 19
Let i = -4 + 20. Let g = 47 - i. List the prime factors of g.
31
Let k = 21 - 8. Suppose -2*u = -0*u + 4, 2*u = -5*h + 11. Suppose 5*x = g - k, -5*g + 107 = -x - h*x. List the prime factors of g.
23
Suppose -2*a + 3*a = 12. Let h be 0 - a/(-3) - 9. Let i = h - -11. List the prime factors of i.
2, 3
Let x(z) = -11 + 13 + 79*z + 3*z. List the prime factors of x(1).
2, 3, 7
Suppose 0*o + 2113 = o - 4*k, -4*o = -5*k - 8474. List the prime factors of o.
3, 7, 101
List the prime factors of -10*(112/(-28) - (-268)/(-10)).
2, 7, 11
Suppose 59*s - 91*s = -37760. What are the prime factors of s?
2, 5, 59
Let k = -13 + 28. Suppose -4*n - 4 = -5*o, 3*n + 5*o - 16 = 4*o. Suppose 0 = 4*t - n*y - 44, 5*t = 2*y + 37 + k. What are the prime factors of t?
2, 5
Let t(z) be the first derivative of z**4/4 - z**3 + z**2 - 2*z + 3. Let s be t(2). List the prime factors of 24/(-9)*9/s.
2, 3
Let c(x) = x**2 - 11*x + 3852. What are the prime factors of c(0)?
2, 3, 107
Suppose i - 6*i + 9 = 3*x, -4*x = -2*i - 12. Suppose x + 27 = v. What are the prime factors of v?
2, 3, 5
Suppose 11*v = 6*v. List the prime factors of (-1 - v)/(-1) - -56.
3, 19
Let s = 8 - 4. Suppose 0*t + 156 = s*t. Let z = t - 14. List the prime factors of z.
5
Suppose 13*v + 12*v - 103750 = 0. What are the prime factors of v?
2, 5, 83
Suppose 2492 = 18*n - 6742. List the prime factors of n.
3, 19
Suppose -17*q - 624 = -13*q. Let m = -99 - q. What are the prime factors of m?
3, 19
Suppose 2*b - v + 3 = -0*b, -5*b + v = 9. Let c(w) = 12*w**2 + 2*w - 2. What are the prime factors of c(b)?
2, 3, 7
Let s be -94 + (7 - 3/1). Let a = s + 169. Suppose 4*w - 17 = a. List the prime factors of w.
2, 3
List the prime factors of 604 - 3*(-16)/(-6).
2, 149
List the prime factors of 24/40 + (3 - (-3907)/5).
5, 157
Let z(c) = 17*c + 34. List the prime factors of z(5).
7, 17
What are the prime factors of 7/(-28)*2683*(-3 + -1)?
2683
What are the prime factors of 0*(-2 - 20/(-8)) + 638?
2, 11, 29
Suppose 4*j = 3*g - 26551, -5*j = g - 8223 - 659. What are the prime factors of (-3)/7 - g/(-119)?
2, 37
Let q be 2 - 5/10*22*-1. Let k = q - -24. What are the prime factors of k?
37
Suppose -16*t = -11*t + 210. Let f(i) = 11*i + 1. Let c be f(-1). Let n = c - t. What are the prime factors of n?
2
Suppose 0*m = -q - 3*m + 639, 0 = q - 2*m - 644. Let h = 910 - q. List the prime factors of h.
2, 67
Let j = -32 + 22. Let u(w) = -w**3 + 2*w**2 + w + 1. Let h be u(3). Let z = h - j. What are the prime factors of z?
5
Suppose -g + 6*q + 220 = 9*q, 3*q = -2*g + 425. List the prime factors of g.
5, 41
Let k(y) = 52*y**2 + 39*y + 143. List the prime factors of k(-4).
3, 7, 13
Suppose -p - p = 32. Let b = p - -21. Suppose 5*f + 164 = 4*r, -2*r + b*f + 2 = -90. What are the prime factors of r?
2, 3
Let c(h) = 3*h**2 - 10*h